 30.
15
What is the remainder when 1691 is divided by 447?
350
Calculate the remainder when 27373 is divided by 380.
13
What is the remainder when 361183 is divided by 120391?
10
What is the remainder when 2419 is divided by 123?
82
Calculate the remainder when 281325 is divided by 93766.
27
What is the remainder when 1243519 is divided by 9?
7
What is the remainder when 12498 is divided by 125?
123
What is the remainder when 7944 is divided by 274?
272
What is the remainder when 195124 is divided by 16?
4
What is the remainder when 1141309 is divided by 40?
29
Calculate the remainder when 1874 is divided by 99.
92
Calculate the remainder when 48532 is divided by 9705.
7
What is the remainder when 1861 is divided by 278?
193
Calculate the remainder when 570534 is divided by 185.
179
Calculate the remainder when 3215 is divided by 551.
460
Calculate the remainder when 8583 is divided by 106.
103
What is the remainder when 191312 is divided by 31883?
14
What is the remainder when 53723 is divided by 73?
68
What is the remainder when 256318 is divided by 3943?
23
Calculate the remainder when 1152 is divided by 257.
124
What is the remainder when 2439 is divided by 1656?
783
Calculate the remainder when 94247 is divided by 6720.
167
What is the remainder when 148702 is divided by 32?
30
Calculate the remainder when 85304 is divided by 742.
716
Calculate the remainder when 27662 is divided by 21.
5
What is the remainder when 40557 is divided by 63?
48
Calculate the remainder when 27193 is divided by 27149.
44
What is the remainder when 62112 is divided by 29?
23
What is the remainder when 31101 is divided by 11?
4
What is the remainder when 15057 is divided by 7519?
19
Calculate the remainder when 21592 is divided by 1271.
1256
What is the remainder when 35020 is divided by 199?
195
Calculate the remainder when 3333 is divided by 560.
533
What is the remainder when 823641 is divided by 411?
408
What is the remainder when 910 is divided by 880?
30
Calculate the remainder when 81590 is divided by 40774.
42
What is the remainder when 9069 is divided by 84?
81
What is the remainder when 32432 is divided by 159?
155
Calculate the remainder when 58492 is divided by 58475.
17
Calculate the remainder when 30034 is divided by 408.
250
What is the remainder when 126607 is divided by 42200?
7
Calculate the remainder when 52344 is divided by 187.
171
What is the remainder when 1966 is divided by 57?
28
Calculate the remainder when 30200 is divided by 10059.
23
What is the remainder when 22064 is divided by 36?
32
What is the remainder when 3031 is divided by 117?
106
Calculate the remainder when 6505 is divided by 763.
401
What is the remainder when 53161 is divided by 53150?
11
What is the remainder when 24272 is divided by 12?
8
What is the remainder when 17441 is divided by 248?
81
What is the remainder when 3645 is divided by 722?
35
What is the remainder when 30392 is divided by 302?
192
Calculate the remainder when 3193 is divided by 34.
31
Calculate the remainder when 512562 is divided by 2268.
2262
Calculate the remainder when 55297 is divided by 90.
37
What is the remainder when 2177 is divided by 153?
35
Calculate the remainder when 134693 is divided by 1772.
21
What is the remainder when 27243 is divided by 930?
273
What is the remainder when 98270 is divided by 359?
263
What is the remainder when 8061 is divided by 326?
237
Calculate the remainder when 4317 is divided by 1289.
450
Calculate the remainder when 15981 is divided by 10.
1
Calculate the remainder when 20931 is divided by 10.
1
Calculate the remainder when 11360 is divided by 11.
8
Calculate the remainder when 3845 is divided by 20.
5
What is the remainder when 1281 is divided by 33?
27
Calculate the remainder when 4089 is divided by 514.
491
Calculate the remainder when 195075 is divided by 92.
35
What is the remainder when 154789 is divided by 154784?
5
Calculate the remainder when 96561 is divided by 5079.
60
What is the remainder when 149916 is divided by 48?
12
What is the remainder when 164478 is divided by 514?
512
What is the remainder when 29935 is divided by 13?
9
What is the remainder when 12736 is divided by 438?
34
What is the remainder when 22505 is divided by 41?
37
Calculate the remainder when 70150 is divided by 148.
146
What is the remainder when 57758 is divided by 160?
158
What is the remainder when 17654 is divided by 569?
15
What is the remainder when 648679 is divided by 161?
10
What is the remainder when 20144 is divided by 105?
89
Calculate the remainder when 13344 is divided by 13144.
200
Calculate the remainder when 211960 is divided by 410.
400
Calculate the remainder when 5256 is divided by 2278.
700
What is the remainder when 165358 is divided by 1880?
1798
Calculate the remainder when 4878 is divided by 377.
354
What is the remainder when 1478 is divided by 364?
22
Calculate the remainder when 41860 is divided by 260.
0
Calculate the remainder when 16761 is divided by 838.
1
Calculate the remainder when 162297 is divided by 144.
9
Calculate the remainder when 3798103 is divided by 122.
121
Calculate the remainder when 3097 is divided by 281.
6
Calculate the remainder when 9225 is divided by 227.
145
Calculate the remainder when 6340 is divided by 355.
305
Calculate the remainder when 107547 is divided by 26.
11
What is the remainder when 5545 is divided by 59?
58
What is the remainder when 104960 is divided by 31?
25
What is the remainder when 167752 is divided by 11183?
7
Calculate the remainder when 302738 is divided by 22.
18
Calculate the remainder when 549 is divided by 78.
3
What is the remainder when 5707308 is divided by 16?
12
What is the remainder when 4572 is divided by 181?
47
Calculate the remainder when 2035 is divided by 36.
19
What is the remainder when 2788 is divided by 425?
238
Calculate the remainder when 7873 is divided by 31.
30
Calculate the remainder when 57388 is divided by 303.
121
What is the remainder when 15144 is divided by 16?
8
Calculate the remainder when 7583 is divided by 110.
103
What is the remainder when 47818 is divided by 5?
3
Calculate the remainder when 7613 is divided by 949.
21
What is the remainder when 874 is divided by 87?
4
Calculate the remainder when 1851 is divided by 465.
456
Calculate the remainder when 2261 is divided by 356.
125
What is the remainder when 68617 is divided by 399?
388
Calculate the remainder when 3364 is divided by 338.
322
Calculate the remainder when 949211 is divided by 135600.
11
What is the remainder when 8461 is divided by 8450?
11
Calculate the remainder when 902469 is divided by 124.
121
Calculate the remainder when 74050 is divided by 180.
70
What is the remainder when 17470 is divided by 208?
206
What is the remainder when 302431 is divided by 649?
646
Calculate the remainder when 6951 is divided by 79.
78
Calculate the remainder when 2939 is divided by 2909.
30
Calculate the remainder when 273008 is divided by 54601.
3
What is the remainder when 43002 is divided by 2047?
15
Calculate the remainder when 55081 is divided by 66.
37
What is the remainder when 4743 is divided by 150?
93
What is the remainder when 21117 is divided by 30?
27
What is the remainder when 735 is divided by 20?
15
What is the remainder when 42862 is divided by 1537?
1363
What is the remainder when 109933 is divided by 151?
5
Calculate the remainder when 9144 is divided by 4564.
16
Calculate the remainder when 73524 is divided by 108.
84
Calculate the remainder when 175648 is divided by 87818.
12
What is the remainder when 10867 is divided by 5416?
35
What is the remainder when 310122 is divided by 310116?
6
Calculate the remainder when 441946 is divided by 220968.
10
What is the remainder when 54081 is divided by 22?
5
Calculate the remainder when 3345 is divided by 185.
15
What is the remainder when 10441838 is divided by 123?
122
Calculate the remainder when 113844 is divided by 266.
262
Calculate the remainder when 259 is divided by 149.
110
Calculate the remainder when 257517 is divided by 296.
293
Calculate the remainder when 567177 is divided by 79.
36
What is the remainder when 17553 is divided by 209?
206
Calculate the remainder when 2207125 is divided by 14.
11
Calculate the remainder when 2